87875?
3, 5, 11, 6997
What are the prime factors of 1197901107?
3, 13, 17, 67, 89, 101
List the prime factors of 1145686350.
2, 3, 5, 23, 83, 4001
List the prime factors of 120242001.
3, 11, 53, 68749
List the prime factors of 1024093724.
2, 256023431
What are the prime factors of 709891125?
3, 5, 101, 18743
What are the prime factors of 6462710?
2, 5, 646271
List the prime factors of 3118678752.
2, 3, 7, 353, 13147
What are the prime factors of 560243273?
79, 593, 11959
What are the prime factors of 408491016?
2, 3, 109, 156151
What are the prime factors of 1069701595?
5, 23, 9301753
List the prime factors of 17557366.
2, 439, 19997
List the prime factors of 160258141.
19, 73, 227, 509
List the prime factors of 39756894.
2, 3, 251, 26399
List the prime factors of 344833418.
2, 1277, 135017
List the prime factors of 18022377.
3, 31, 193789
List the prime factors of 206395608.
2, 3, 8599817
What are the prime factors of 1430842676?
2, 89, 4019221
What are the prime factors of 186621028?
2, 11, 131, 32377
List the prime factors of 234450689.
11, 17, 293, 389
What are the prime factors of 102106621?
102106621
List the prime factors of 1310133283.
593, 2209331
List the prime factors of 1277302686.
2, 3, 11, 19353071
What are the prime factors of 2179603522?
2, 43, 79, 541, 593
What are the prime factors of 2660384109?
3, 886794703
List the prime factors of 2615234339.
2371, 1103009
List the prime factors of 4294569081.
3, 11, 29, 181, 24793
What are the prime factors of 5421715504?
2, 338857219
List the prime factors of 27271076.
2, 7, 359, 2713
What are the prime factors of 307309792?
2, 421, 22811
List the prime factors of 23388465.
3, 5, 71, 21961
What are the prime factors of 5034831471?
3, 6781, 82499
What are the prime factors of 49218863?
73, 674231
List the prime factors of 119025096.
2, 3, 4959379
What are the prime factors of 720359885?
5, 7, 23, 449, 1993
List the prime factors of 6119348833.
13, 271, 1736971
List the prime factors of 227542427.
7, 23, 28843
What are the prime factors of 989916908?
2, 293, 844639
List the prime factors of 25815161.
25815161
List the prime factors of 36444133.
11, 101, 32803
What are the prime factors of 218328675?
3, 5, 29, 37, 2713
List the prime factors of 14391493.
19, 683, 1109
What are the prime factors of 252938229?
3, 84312743
What are the prime factors of 173595202?
2, 11, 7890691
List the prime factors of 78793355.
5, 15758671
List the prime factors of 1148669832.
2, 3, 131, 283, 1291
What are the prime factors of 282254695?
5, 373, 151343
List the prime factors of 262856741.
7, 59, 239, 2663
List the prime factors of 8170727848.
2, 1021340981
List the prime factors of 106696466.
2, 53348233
List the prime factors of 33711898.
2, 11, 1532359
What are the prime factors of 1933188600?
2, 3, 5, 7, 181, 2543
What are the prime factors of 67463616?
2, 3, 11, 17, 1879
List the prime factors of 2932125362.
2, 47, 1163, 26821
What are the prime factors of 215481897?
3, 7980811
List the prime factors of 1912430168.
2, 11, 1975651
List the prime factors of 42768903.
3, 349, 40849
What are the prime factors of 61078051?
47, 1299533
What are the prime factors of 222636651?
3, 3517, 21101
List the prime factors of 1179044758.
2, 17, 3677, 9431
List the prime factors of 62122260.
2, 3, 5, 37, 27983
What are the prime factors of 2548475983?
22157, 115019
What are the prime factors of 327644890?
2, 5, 23, 31, 45953
List the prime factors of 246061986.
2, 3, 293, 139967
What are the prime factors of 150406111?
4283, 35117
List the prime factors of 159028559.
6367, 24977
List the prime factors of 3901934958.
2, 3, 23, 479, 59029
List the prime factors of 2842954669.
2842954669
List the prime factors of 61407064.
2, 223, 34421
What are the prime factors of 183235238?
2, 59, 71, 21871
What are the prime factors of 148031415?
3, 5, 7, 383, 409
What are the prime factors of 42063592?
2, 5257949
List the prime factors of 252147499.
19, 41, 431, 751
What are the prime factors of 1378454852?
2, 251, 1372963
What are the prime factors of 509954477?
13187, 38671
List the prime factors of 7309671036.
2, 3, 609139253
List the prime factors of 2232819997.
29, 113, 681361
List the prime factors of 198452799.
3, 499, 44189
List the prime factors of 1958500412.
2, 11, 44511373
List the prime factors of 290879940.
2, 3, 5, 13, 37, 10079
What are the prime factors of 19901503?
19901503
List the prime factors of 4705469882.
2, 17, 138396173
What are the prime factors of 925491410?
2, 5, 307, 301463
What are the prime factors of 102222618?
2, 3, 17037103
List the prime factors of 74348013.
3, 31, 799441
List the prime factors of 215103840.
2, 3, 5, 7, 64019
What are the prime factors of 62494349?
47, 269, 4943
What are the prime factors of 5000014455?
3, 5, 333334297
What are the prime factors of 165062098?
2, 82531049
List the prime factors of 1425429062.
2, 149, 157, 30467
List the prime factors of 3600545840.
2, 5, 31, 1451833
List the prime factors of 12980541.
3, 7, 227, 389
What are the prime factors of 46983113?
787, 59699
List the prime factors of 82283983.
43, 1913581
What are the prime factors of 1640218056?
2, 3, 571, 119689
What are the prime factors of 203242357?
203242357
What are the prime factors of 146689476?
2, 3, 3389, 3607
List the prime factors of 616410641.
7, 11, 1143619
List the prime factors of 31864254.
2, 3, 19, 279511
List the prime factors of 443733470.
2, 5, 1201, 36947
What are the prime factors of 72979569?
3, 13, 53, 3923
What are the prime factors of 1632192743?
1632192743
What are the prime factors of 5437355670?
2, 3, 5, 31, 397, 4909
What are the prime factors of 18603310?
2, 5, 11, 131, 1291
List the prime factors of 51450630.
2, 3, 5, 7, 11, 22273
List the prime factors of 2124922727.
2153, 986959
List the prime factors of 2440131017.
2440131017
What are the prime factors of 63295407?
3, 7, 143527
What are the prime factors of 2738422336?
2, 13, 3291373
What are the prime factors of 60639871?
149, 167, 2437
What are the prime factors of 67754183?
7, 9679169
What are the prime factors of 38324099?
11, 59, 59051
List the prime factors of 596125616.
2, 59, 373, 1693
List the prime factors of 2521709847.
3, 47, 733, 2711
List the prime factors of 47102013.
3, 7, 249217
What are the prime factors of 198573520?
2, 5, 331, 7499
List the prime factors of 1458054036.
2, 3, 431, 93971
List the prime factors of 530238695.
5, 7, 15149677
What are the prime factors of 404253140?
2, 5, 757, 26701
What are the prime factors of 50297075?
5, 1321, 1523
What are the prime factors of 602181332?
2, 163, 923591
What are the prime factors of 26536514?
2, 1543, 8599
What are the prime factors of 663183424?
2, 401, 25841
List the prime factors of 511397141.
19, 41, 656479
List the prime factors of 133895879.
13, 10299683
What are the prime factors of 345698291?
4457, 77563
List the prime factors of 212033508.
2, 3, 1163, 15193
What are the prime factors of 3111103464?
2, 3, 7, 23, 103, 7817
What are the prime factors of 57592267?
57592267
List the prime factors of 15057305.
5, 503, 5987
List the prime factors of 984707627.
984707627
List the prime factors of 54128499.
3, 23, 784471
What are the prime factors of 111815833?
2791, 40063
What are the prime factors of 195302441?
195302441
What are the prime factors of 13270270?
2, 5, 13, 102079
What are the prime factors of 64060262?
2, 7, 4575733
What are the prime factors of 65815473?
3, 21938491
List the prime factors of 23563416.
2, 3, 981809
List the prime factors of 36963496.
2, 4620437
List the prime factors of 1093432987.
3121, 350347
What are the prime factors of 300920468?
2, 17, 787, 5623
What are the prime factors of 6706381204?
2, 17, 98623253
List the prime factors of 143248457.
11, 13022587
List the prime factors of 70392176.
2, 4399511
List the prime factors of 266774467.
2383, 111949
List the prime factors of 113418088.
2, 7, 31, 79, 827
What are the prime factors of 1892790296?
2, 236598787
List the prime factors of 164451650.
2, 5, 11, 19, 15737
What are the prime factors of 1485166739?
7, 41, 2141, 2417
List the prime factors of 36123480.
2, 3, 5, 100343
What are the prime factors of 4679475310?
2, 5, 61, 139, 229, 241
What are the prime factors 